 factors of n?
2, 3, 41
Suppose p = -3*p. Suppose -44 = 4*m - p*m. Let a(v) = v**3 + 11*v**2 - 2*v - 5. What are the prime factors of a(m)?
17
Suppose 0 = -7*u + 656 + 163. What are the prime factors of u?
3, 13
Let v be 28/4*(-12)/(-14). Let u = 5 + -4. Let c = v + u. What are the prime factors of c?
7
Let w(t) = t**3 - 3*t**2 + 5*t - 2. Let i be w(3). Let j = i + -6. List the prime factors of j.
7
Suppose -m - 15 = 4*l, l + 4*l + 2*m + 21 = 0. What are the prime factors of l/((-6)/50) + 0?
5
Let n(i) = -6 - 2*i + 5 - 1. What are the prime factors of n(-3)?
2
Let d(j) = j**2 - 1. Let v(b) = 7*b + 5. Let h(g) = -d(g) + v(g). Suppose 5*a - 16 - 23 = -2*q, 25 = 5*a - 5*q. What are the prime factors of h(a)?
2, 3
List the prime factors of ((-1)/2)/(-1*(-6)/(-2016)).
2, 3, 7
Suppose 3*r + 2*p - 27 = 0, -r + 9 = -2*p - 8. Let h = r - -3. What are the prime factors of h?
2, 7
Let k(o) = 2 - 3 + 2 - 2 - 5*o. Let q be k(-6). Suppose -4*t + 19 + q = 0. List the prime factors of t.
2, 3
Let l(r) = r**3 + 5*r**2 + 3*r - 3. Let i be l(-4). Suppose 4*o + i = 9. Suppose -5*c = -4*b - b - 70, o*c + 2*b = 20. List the prime factors of c.
2, 3
Suppose -a + 381 = 3*z - 4*a, 0 = -2*z + 4*a + 244. What are the prime factors of z?
2, 3, 11
Let h(b) be the third derivative of b**6/120 + b**5/12 - b**4/4 - b**3/2 + 8*b**2. What are the prime factors of h(-5)?
3
Suppose -r + 54 = -0*r + t, 2*t = 3*r - 157. What are the prime factors of r?
53
Let o(q) = -q**3 + 5*q**2 + 5. Suppose 2*r - l = 9, 0 = 8*r - 3*r + 5*l - 30. What are the prime factors of o(r)?
5
Let k(v) be the second derivative of -3*v - 3/4*v**4 + 1/20*v**5 + 4/3*v**3 + 0 + 5/2*v**2. List the prime factors of k(8).
5
Let s = 1 + 3. Suppose -a + 0*a + 34 = s*c, -2*c + 24 = a. List the prime factors of a.
2, 7
Let x(s) = 2*s - 3. Let l be x(-3). Let d(i) = -4*i - 10. Let t be d(-7). Let n = t + l. List the prime factors of n.
3
Let g(a) = -10 + 10*a**2 + 4*a**2 - 11*a**2. List the prime factors of g(-4).
2, 19
Let r(m) = 3*m - 1. Let p be r(-3). Let v = -10 - p. Let y = v - -19. List the prime factors of y.
19
Let x(y) = y + 1. Let d be x(0). Suppose 0 = -3*j + 8 + d. Suppose -4*g + 5 = -j*v - 26, 5*g - 2*v = 30. List the prime factors of g.
2
What are the prime factors of (3 + (-30)/18)*(-2 - -50)?
2
Let u(p) = -p**2 - 10*p + 4. Let v(a) = -2*a**2 - 2*a + 2. Let h be v(2). Let l be u(h). List the prime factors of (l + -3)*(0 - -10).
2, 5
Let s = -7 + 7. Suppose -3*x + 4*t + 40 - 11 = s, -37 = -4*x + 5*t. Suppose y = x, -5 = -z + 5*y - 1. List the prime factors of z.
19
Let f(o) = -2*o**3 - 6*o**2 - o - 2. List the prime factors of f(-5).
103
Let y(p) = 2*p - 2. Let w(o) = 2*o**2 + 10*o - 9. Let q(a) = 5*a**2 + 20*a - 18. Let z(s) = -3*q(s) + 7*w(s). Let r be z(8). What are the prime factors of y(r)?
2, 3
Let o(z) = 2*z**2. Suppose -3*i + 3 = -6*i. Let g be o(i). Suppose g*s + 4 = 44. What are the prime factors of s?
2, 5
Let p be (1/(-2))/(2/(-44)). Let h = p + -6. What are the prime factors of h?
5
Suppose -10 = -x - x. Suppose -x*c = -10 - 0. Suppose 2*s + c*s = 20. List the prime factors of s.
5
Let t be 27/6 - (-15)/(-10). Let y = t + -4. List the prime factors of 4*((-15)/(-3) + y).
2
Let o(m) = m - 7. Let x(h) = -h + 4. Let s(n) = -6*o(n) - 11*x(n). Let u be s(6). Suppose j = -9 + u. List the prime factors of j.
19
Suppose 220 = -0*d + 4*d + 3*u, 5*u = -5*d + 275. What are the prime factors of d?
5, 11
Let k = 16 + -9. What are the prime factors of k?
7
Suppose 0 = s - 24. Suppose 0*a = 2*a - s. What are the prime factors of a?
2, 3
Suppose 2*u - 5*u = 33. Let r = u - -45. List the prime factors of r.
2, 17
Let l = 58 + -18. List the prime factors of l.
2, 5
Let f = -8 - -4. Let l = f - -8. What are the prime factors of l?
2
Suppose 6*d - 2410 = -4*d. What are the prime factors of d?
241
Let r(c) = -2*c - 2. Let x be r(-2). Let n = 7 + x. What are the prime factors of n?
3
Suppose -2*c = -4*c + 6. Suppose 3*i + c*r + 12 = 0, 2*i - 3*r + 8 + 0 = 0. What are the prime factors of i + 7 + 2 + -1?
2
Let o(j) = 3*j - 4. List the prime factors of o(3).
5
Let c = 1081 - 696. What are the prime factors of c?
5, 7, 11
Let u(r) = 434*r + 4. List the prime factors of u(1).
2, 3, 73
Let i(d) = d + 12. Let x be i(-5). Let g(j) = 5*j - 4. List the prime factors of g(x).
31
Let t = 648 + -356. List the prime factors of t.
2, 73
Suppose -2*v - 2*v + 8 = 0. Suppose 0 = h + h - 4. Suppose t + h = v*t. List the prime factors of t.
2
Let a(r) be the first derivative of 2*r**2 + r - 4. List the prime factors of a(4).
17
Let j = 19 - 15. Suppose 0 = -j*y - y + 85. What are the prime factors of y?
17
What are the prime factors of 10/(-12)*32*18/(-4)?
2, 3, 5
Suppose n + 0*p - 54 = 3*p, 0 = -n - 3*p + 36. What are the prime factors of n?
3, 5
Let k = 8 + -3. Suppose m - 27 + 3 = k*j, 3*j = -15. List the prime factors of (-156)/(-16) - m/4.
2, 5
Let i = 92 + -19. What are the prime factors of i?
73
Let w = -12 - -20. Suppose 2*b - 36 = w. What are the prime factors of b?
2, 11
Let j = 12 + 65. List the prime factors of j.
7, 11
Let y(s) = 4*s - 14. Let i(j) = 6*j - 21. Let z(t) = 5*i(t) - 7*y(t). Suppose -h = -5*h + 24. What are the prime factors of z(h)?
5
Suppose 0*m - 5*m + 230 = 0. Let r = 74 - m. List the prime factors of r.
2, 7
Suppose 2*i + 34 = 96. List the prime factors of i.
31
Suppose z + 13 = 39. Let y(t) = 4*t - 2. Let o be y(-4). Let c = o + z. What are the prime factors of c?
2
Let s = -134 - -291. What are the prime factors of s?
157
Let d be (-348)/9*(-3)/2. Suppose 2*u - 11 = -5*z, 4*u - z + 25 = d. What are the prime factors of -1 + (-4)/(u/(-6))?
2
Let b be 7/2 - 3/(-6). Let f(t) = 28*t**3 - 3*t**2 + 3*t - 1. Let c be f(1). Suppose -b*w + c = -1. What are the prime factors of w?
7
Let j = 0 + 3. Suppose 4*z = j*z + 4. Suppose 0*g + l = -z*g + 37, 3*g + 3*l = 39. What are the prime factors of g?
2
Let x(d) = -2*d**2 - 27*d - 4. Let c be x(-13). Let z(s) = 3 - 1 + 2 + 2*s. List the prime factors of z(c).
2, 11
Let n(c) = -c**3 - c**2 + 3*c - 4. Let o be n(-3). Suppose r = y + o, -3*y - 2*r - 11 = -r. List the prime factors of 2/y*-2*11.
11
Let j = -54 - -206. What are the prime factors of j?
2, 19
Let w be (-1 + 0)*(1 - -4). Let v = 9 - 6. Let s = v - w. List the prime factors of s.
2
Suppose -2*w + 10 = 3*m, -3*m - 28 = -2*w - 6. Suppose w*v + 25 = 3*v. What are the prime factors of (-15)/(-3)*(-9)/v?
3
Let c be (47 - 1) + (-1 - 0). Suppose 3*l - c = -0*l. List the prime factors of l.
3, 5
Let g = 24 + -19. Let b = 14 - g. What are the prime factors of b?
3
What are the prime factors of (-6)/9 - 465/(-9)?
3, 17
Let k(h) = -h + 3. Let d be k(0). Let g(o) = 3*o - 2. List the prime factors of g(d).
7
Let j be 4/(-18) + (-152)/(-36). Let i(b) = b. Let y be i(2). Suppose -68 = -j*r + 4*h, -y*r - h = 2*r - 48. List the prime factors of r.
13
Suppose d + k = 3, -3*k + 6 + 3 = 2*d. Let z = 2 + d. Suppose -6 = j + j, -z*w + 27 = -j. What are the prime factors of w?
2, 3
Suppose 5*f - 148 = -18. Suppose -m + 2*m = -3*x + 18, -f = -2*m + 4*x. What are the prime factors of m?
3, 5
Suppose 0 = t - 3*v - 324, -11*t + 7*t = -5*v - 1289. What are the prime factors of t?
3, 107
Let c(q) = -8*q - 21. What are the prime factors of c(-9)?
3, 17
Suppose -2 = -5*o + 73. Let s be (-3)/(3/(-8)) + -2. Suppose -s*c + o = -c. What are the prime factors of c?
3
Let o(y) be the third derivative of y**4/12 + y**3/6 + y**2. Suppose 2*g - 5*g + 3*b = -30, 5*g + 5*b = 0. List the prime factors of o(g).
11
Let b(d) = -d**2 - 7*d - 3. Suppose -12 = -3*s + 5*s. What are the prime factors of b(s)?
3
Let s(t) = -t + 7. Let x(k) = -2*k + 7. Let l(a) = 3*s(a) - 4*x(a). List the prime factors of l(5).
2, 3
Let x be (-4)/(-14) + 4/(-14). Suppose x = -4*p - 0*p. List the prime factors of p - (-2 + 1)*3.
3
Suppose 2*m - 189 = -m. Suppose -47 = -3*s - j, -2*s = 2*s + j - m. List the prime factors of s.
2
Let l be (-100)/(-15)*48/10. Suppose 2*i = -18 - l. Let q = -16 - i. What are the prime factors of q?
3
Let x(w) = 89*w**2 + 1. What are the prime factors of x(-1)?
2, 3, 5
List the prime factors of -12*(-4)/6*3.
2, 3
What are the prime factors of 12*(2/17 + (-549)/(-102))?
2, 3, 11
Let q be 67/(-5) + 12/30. Let c = 36 + q. List the prime factor